{"id":3,"date":"2026-03-05T16:57:12","date_gmt":"2026-03-05T16:57:12","guid":{"rendered":"https:\/\/lp.draisabelamoretti.com.br\/?page_id=3"},"modified":"2026-03-16T15:02:53","modified_gmt":"2026-03-16T15:02:53","slug":"privacy-policy","status":"publish","type":"page","link":"https:\/\/lp.draisabelamoretti.com.br\/index.php\/privacy-policy\/","title":{"rendered":"Privacy Policy"},"content":{"rendered":"\t\t<div data-elementor-type=\"wp-page\" data-elementor-id=\"3\" class=\"elementor elementor-3\" data-elementor-post-type=\"page\">\n\t\t\t\t<div class=\"elementor-element elementor-element-29a564b e-flex e-con-boxed e-con e-parent\" data-id=\"29a564b\" data-element_type=\"container\" data-e-type=\"container\" data-settings=\"{&quot;background_background&quot;:&quot;classic&quot;}\">\n\t\t\t\t\t<div class=\"e-con-inner\">\n\t\t\t\t<div class=\"elementor-element elementor-element-8aa455c elementor-widget elementor-widget-text-editor\" data-id=\"8aa455c\" data-element_type=\"widget\" data-e-type=\"widget\" data-widget_type=\"text-editor.default\">\n\t\t\t\t\t\t\t\t\t<h2>Pol\u00edtica de Privacidade<\/h2>\n<h4 class=\"wp-block-heading\">Quem somos<\/h4>\n<p>O endere\u00e7o do nosso site \u00e9: https:\/\/lp.draisabelamoretti.com.br\/<\/p>\n<h4 class=\"wp-block-heading\">Coment\u00e1rios<\/h4>\n<p>Quando os visitantes deixam coment\u00e1rios no site, coletamos os dados mostrados no formul\u00e1rio de coment\u00e1rios, bem como o endere\u00e7o IP do visitante e a string do agente do usu\u00e1rio do navegador para ajudar na detec\u00e7\u00e3o de spam.<\/p>\n<p>Uma string anonimizada criada a partir do seu endere\u00e7o de e-mail (tamb\u00e9m chamada de hash) pode ser fornecida ao servi\u00e7o Gravatar para verificar se voc\u00ea est\u00e1 utilizando-o. A pol\u00edtica de privacidade do servi\u00e7o Gravatar est\u00e1 dispon\u00edvel aqui:\u00a0<a href=\"https:\/\/automattic.com\/privacy\/\">https:\/\/automattic.com\/privacy\/<\/a>. Ap\u00f3s a aprova\u00e7\u00e3o do seu coment\u00e1rio, a foto do seu perfil ficar\u00e1 vis\u00edvel para o p\u00fablico no contexto do seu coment\u00e1rio.<\/p>\n<h4 class=\"wp-block-heading\">M\u00eddia<\/h4>\n<p>Se voc\u00ea fizer o upload de imagens para o site, deve evitar carregar imagens com dados de localiza\u00e7\u00e3o incorporados (EXIF GPS). Os visitantes do site podem baixar e extrair quaisquer dados de localiza\u00e7\u00e3o das imagens no site.<\/p>\n<h4 class=\"wp-block-heading\">Cookies<\/h4>\n<p>Se voc\u00ea deixar um coment\u00e1rio no nosso site, pode optar por salvar o seu nome, endere\u00e7o de e-mail e site em cookies. Isso \u00e9 para sua conveni\u00eancia, para que voc\u00ea n\u00e3o precise preencher seus dados novamente ao deixar outro coment\u00e1rio. Esses cookies durar\u00e3o por um ano.<\/p>\n<p>Se voc\u00ea visitar nossa p\u00e1gina de login, definiremos um cookie tempor\u00e1rio para determinar se o seu navegador aceita cookies. Este cookie n\u00e3o cont\u00e9m dados pessoais e ser\u00e1 descartado ao fechar o navegador.<\/p>\n<p>Ao fazer login, tamb\u00e9m configuraremos v\u00e1rios cookies para salvar suas informa\u00e7\u00f5es de login e suas escolhas de exibi\u00e7\u00e3o na tela. Os cookies de login duram dois dias, e os cookies de op\u00e7\u00f5es de tela duram um ano. Se voc\u00ea selecionar \u201cLembrar-me\u201d, seu login persistir\u00e1 por duas semanas. Se voc\u00ea sair da sua conta, os cookies de login ser\u00e3o removidos.<\/p>\n<p>Se voc\u00ea editar ou publicar um artigo, um cookie adicional ser\u00e1 salvo no seu navegador. Este cookie n\u00e3o inclui dados pessoais e indica apenas o ID da postagem do artigo que voc\u00ea acabou de editar. Ele expira ap\u00f3s 1 dia.<\/p>\n<h4 class=\"wp-block-heading\">Conte\u00fado incorporado de outros sites<\/h4>\n<p>Artigos neste site podem incluir conte\u00fado incorporado (por exemplo, v\u00eddeos, imagens, artigos, etc.). O conte\u00fado incorporado de outros sites comporta-se exatamente da mesma forma como se o visitante estivesse visitando o outro site.<\/p>\n<p>Esses sites podem coletar dados sobre voc\u00ea, usar cookies, incorporar rastreamento adicional de terceiros e monitorar sua intera\u00e7\u00e3o com o conte\u00fado incorporado, incluindo o rastreamento da sua intera\u00e7\u00e3o com o conte\u00fado incorporado, caso voc\u00ea tenha uma conta e esteja logado no site em quest\u00e3o.<\/p>\n<h4 class=\"wp-block-heading\">Com quem compartilhamos seus dados<\/h4>\n<p>Se voc\u00ea solicitar uma redefini\u00e7\u00e3o de senha, seu endere\u00e7o IP ser\u00e1 inclu\u00eddo no e-mail de redefini\u00e7\u00e3o.<\/p>\n<h4 class=\"wp-block-heading\">Por quanto tempo retemos seus dados<\/h4>\n<p>Se voc\u00ea deixar um coment\u00e1rio, o coment\u00e1rio e seus metadados s\u00e3o retidos indefinidamente. Isso \u00e9 feito para que possamos reconhecer e aprovar automaticamente quaisquer coment\u00e1rios de acompanhamento, em vez de mant\u00ea-los em uma fila de modera\u00e7\u00e3o.<\/p>\n<p>Para usu\u00e1rios que se registram em nosso site (se houver), tamb\u00e9m armazenamos as informa\u00e7\u00f5es pessoais que eles fornecem em seu perfil de usu\u00e1rio. Todos os usu\u00e1rios podem ver, editar ou excluir suas informa\u00e7\u00f5es pessoais a qualquer momento (exceto que n\u00e3o podem alterar seu nome de usu\u00e1rio). Os administradores do site tamb\u00e9m podem ver e editar essas informa\u00e7\u00f5es.<\/p>\n<h4 class=\"wp-block-heading\">Quais direitos voc\u00ea tem sobre seus dados<\/h4>\n<p>Se voc\u00ea tem uma conta neste site ou deixou coment\u00e1rios, pode solicitar o recebimento de um arquivo exportado dos dados pessoais que mantemos sobre voc\u00ea, incluindo quaisquer dados que voc\u00ea nos forneceu. Voc\u00ea tamb\u00e9m pode solicitar que apaguemos quaisquer dados pessoais que mantemos sobre voc\u00ea. Isso n\u00e3o inclui quaisquer dados que somos obrigados a manter para fins administrativos, legais ou de seguran\u00e7a.<\/p>\n<h4 class=\"wp-block-heading\">Para onde enviamos seus dados<\/h4>\n<p>Os coment\u00e1rios dos visitantes podem ser verificados por meio de um servi\u00e7o automatizado de detec\u00e7\u00e3o de spam.<\/p>\t\t\t\t\t\t\t\t<\/div>\n\t\t\t\t\t<\/div>\n\t\t\t\t<\/div>\n\t\t\t\t<\/div>\n\t\t","protected":false},"excerpt":{"rendered":"<p>Pol\u00edtica de Privacidade Quem somos O endere\u00e7o do nosso site \u00e9: https:\/\/lp.draisabelamoretti.com.br\/ Coment\u00e1rios Quando os visitantes deixam coment\u00e1rios no site, coletamos os dados mostrados no formul\u00e1rio de coment\u00e1rios, bem como o endere\u00e7o IP do visitante e a string do agente do usu\u00e1rio do navegador para ajudar na detec\u00e7\u00e3o de spam. Uma string anonimizada criada a [&hellip;]<\/p>\n","protected":false},"author":1,"featured_media":0,"parent":0,"menu_order":0,"comment_status":"closed","ping_status":"open","template":"elementor_canvas","meta":{"footnotes":""},"class_list":["post-3","page","type-page","status-publish","hentry"],"yoast_head":"<!-- This site is optimized with the Yoast SEO plugin v27.5 - https:\/\/yoast.com\/product\/yoast-seo-wordpress\/ -->\n<title>Privacy Policy - Dra Isabela Moretti<\/title>\n<meta name=\"robots\" content=\"index, follow, max-snippet:-1, max-image-preview:large, max-video-preview:-1\" \/>\n<link rel=\"canonical\" href=\"https:\/\/lp.draisabelamoretti.com.br\/index.php\/privacy-policy\/\" \/>\n<meta property=\"og:locale\" content=\"pt_BR\" \/>\n<meta property=\"og:type\" content=\"article\" \/>\n<meta property=\"og:title\" content=\"Privacy Policy - Dra Isabela Moretti\" \/>\n<meta property=\"og:description\" content=\"Pol\u00edtica de Privacidade Quem somos O endere\u00e7o do nosso site \u00e9: https:\/\/lp.draisabelamoretti.com.br\/ Coment\u00e1rios Quando os visitantes deixam coment\u00e1rios no site, coletamos os dados mostrados no formul\u00e1rio de coment\u00e1rios, bem como o endere\u00e7o IP do visitante e a string do agente do usu\u00e1rio do navegador para ajudar na detec\u00e7\u00e3o de spam. Uma string anonimizada criada a [&hellip;]\" \/>\n<meta property=\"og:url\" content=\"https:\/\/lp.draisabelamoretti.com.br\/index.php\/privacy-policy\/\" \/>\n<meta property=\"og:site_name\" content=\"Dra Isabela Moretti\" \/>\n<meta property=\"article:modified_time\" content=\"2026-03-16T15:02:53+00:00\" \/>\n<meta name=\"twitter:card\" content=\"summary_large_image\" \/>\n<meta name=\"twitter:label1\" content=\"Est. tempo de leitura\" \/>\n\t<meta name=\"twitter:data1\" content=\"3 minutos\" \/>\n<script type=\"application\/ld+json\" class=\"yoast-schema-graph\">{\"@context\":\"https:\\\/\\\/schema.org\",\"@graph\":[{\"@type\":\"WebPage\",\"@id\":\"https:\\\/\\\/lp.draisabelamoretti.com.br\\\/index.php\\\/privacy-policy\\\/\",\"url\":\"https:\\\/\\\/lp.draisabelamoretti.com.br\\\/index.php\\\/privacy-policy\\\/\",\"name\":\"Privacy Policy - Dra Isabela Moretti\",\"isPartOf\":{\"@id\":\"https:\\\/\\\/lp.draisabelamoretti.com.br\\\/#website\"},\"datePublished\":\"2026-03-05T16:57:12+00:00\",\"dateModified\":\"2026-03-16T15:02:53+00:00\",\"breadcrumb\":{\"@id\":\"https:\\\/\\\/lp.draisabelamoretti.com.br\\\/index.php\\\/privacy-policy\\\/#breadcrumb\"},\"inLanguage\":\"pt-BR\",\"potentialAction\":[{\"@type\":\"ReadAction\",\"target\":[\"https:\\\/\\\/lp.draisabelamoretti.com.br\\\/index.php\\\/privacy-policy\\\/\"]}]},{\"@type\":\"BreadcrumbList\",\"@id\":\"https:\\\/\\\/lp.draisabelamoretti.com.br\\\/index.php\\\/privacy-policy\\\/#breadcrumb\",\"itemListElement\":[{\"@type\":\"ListItem\",\"position\":1,\"name\":\"In\u00edcio\",\"item\":\"https:\\\/\\\/lp.draisabelamoretti.com.br\\\/\"},{\"@type\":\"ListItem\",\"position\":2,\"name\":\"Privacy Policy\"}]},{\"@type\":\"WebSite\",\"@id\":\"https:\\\/\\\/lp.draisabelamoretti.com.br\\\/#website\",\"url\":\"https:\\\/\\\/lp.draisabelamoretti.com.br\\\/\",\"name\":\"Dra Isabela Moretti\",\"description\":\"Cuidado cardiol\u00f3gico para quem quer emagrecer com seguran\u00e7a, controlando press\u00e3o, diabetes, colesterol e outros fatores de risco.\",\"publisher\":{\"@id\":\"https:\\\/\\\/lp.draisabelamoretti.com.br\\\/#organization\"},\"potentialAction\":[{\"@type\":\"SearchAction\",\"target\":{\"@type\":\"EntryPoint\",\"urlTemplate\":\"https:\\\/\\\/lp.draisabelamoretti.com.br\\\/?s={search_term_string}\"},\"query-input\":{\"@type\":\"PropertyValueSpecification\",\"valueRequired\":true,\"valueName\":\"search_term_string\"}}],\"inLanguage\":\"pt-BR\"},{\"@type\":\"Organization\",\"@id\":\"https:\\\/\\\/lp.draisabelamoretti.com.br\\\/#organization\",\"name\":\"Dra Isabela Moretti\",\"url\":\"https:\\\/\\\/lp.draisabelamoretti.com.br\\\/\",\"logo\":{\"@type\":\"ImageObject\",\"inLanguage\":\"pt-BR\",\"@id\":\"https:\\\/\\\/lp.draisabelamoretti.com.br\\\/#\\\/schema\\\/logo\\\/image\\\/\",\"url\":\"https:\\\/\\\/lp.draisabelamoretti.com.br\\\/wp-content\\\/uploads\\\/2026\\\/03\\\/cropped-I-Logo-e1773053079880.jpg\",\"contentUrl\":\"https:\\\/\\\/lp.draisabelamoretti.com.br\\\/wp-content\\\/uploads\\\/2026\\\/03\\\/cropped-I-Logo-e1773053079880.jpg\",\"width\":512,\"height\":512,\"caption\":\"Dra Isabela Moretti\"},\"image\":{\"@id\":\"https:\\\/\\\/lp.draisabelamoretti.com.br\\\/#\\\/schema\\\/logo\\\/image\\\/\"}}]}<\/script>\n<!-- \/ Yoast SEO plugin. -->","yoast_head_json":{"title":"Privacy Policy - Dra Isabela Moretti","robots":{"index":"index","follow":"follow","max-snippet":"max-snippet:-1","max-image-preview":"max-image-preview:large","max-video-preview":"max-video-preview:-1"},"canonical":"https:\/\/lp.draisabelamoretti.com.br\/index.php\/privacy-policy\/","og_locale":"pt_BR","og_type":"article","og_title":"Privacy Policy - Dra Isabela Moretti","og_description":"Pol\u00edtica de Privacidade Quem somos O endere\u00e7o do nosso site \u00e9: https:\/\/lp.draisabelamoretti.com.br\/ Coment\u00e1rios Quando os visitantes deixam coment\u00e1rios no site, coletamos os dados mostrados no formul\u00e1rio de coment\u00e1rios, bem como o endere\u00e7o IP do visitante e a string do agente do usu\u00e1rio do navegador para ajudar na detec\u00e7\u00e3o de spam. Uma string anonimizada criada a [&hellip;]","og_url":"https:\/\/lp.draisabelamoretti.com.br\/index.php\/privacy-policy\/","og_site_name":"Dra Isabela Moretti","article_modified_time":"2026-03-16T15:02:53+00:00","twitter_card":"summary_large_image","twitter_misc":{"Est. tempo de leitura":"3 minutos"},"schema":{"@context":"https:\/\/schema.org","@graph":[{"@type":"WebPage","@id":"https:\/\/lp.draisabelamoretti.com.br\/index.php\/privacy-policy\/","url":"https:\/\/lp.draisabelamoretti.com.br\/index.php\/privacy-policy\/","name":"Privacy Policy - Dra Isabela Moretti","isPartOf":{"@id":"https:\/\/lp.draisabelamoretti.com.br\/#website"},"datePublished":"2026-03-05T16:57:12+00:00","dateModified":"2026-03-16T15:02:53+00:00","breadcrumb":{"@id":"https:\/\/lp.draisabelamoretti.com.br\/index.php\/privacy-policy\/#breadcrumb"},"inLanguage":"pt-BR","potentialAction":[{"@type":"ReadAction","target":["https:\/\/lp.draisabelamoretti.com.br\/index.php\/privacy-policy\/"]}]},{"@type":"BreadcrumbList","@id":"https:\/\/lp.draisabelamoretti.com.br\/index.php\/privacy-policy\/#breadcrumb","itemListElement":[{"@type":"ListItem","position":1,"name":"In\u00edcio","item":"https:\/\/lp.draisabelamoretti.com.br\/"},{"@type":"ListItem","position":2,"name":"Privacy Policy"}]},{"@type":"WebSite","@id":"https:\/\/lp.draisabelamoretti.com.br\/#website","url":"https:\/\/lp.draisabelamoretti.com.br\/","name":"Dra Isabela Moretti","description":"Cuidado cardiol\u00f3gico para quem quer emagrecer com seguran\u00e7a, controlando press\u00e3o, diabetes, colesterol e outros fatores de risco.","publisher":{"@id":"https:\/\/lp.draisabelamoretti.com.br\/#organization"},"potentialAction":[{"@type":"SearchAction","target":{"@type":"EntryPoint","urlTemplate":"https:\/\/lp.draisabelamoretti.com.br\/?s={search_term_string}"},"query-input":{"@type":"PropertyValueSpecification","valueRequired":true,"valueName":"search_term_string"}}],"inLanguage":"pt-BR"},{"@type":"Organization","@id":"https:\/\/lp.draisabelamoretti.com.br\/#organization","name":"Dra Isabela Moretti","url":"https:\/\/lp.draisabelamoretti.com.br\/","logo":{"@type":"ImageObject","inLanguage":"pt-BR","@id":"https:\/\/lp.draisabelamoretti.com.br\/#\/schema\/logo\/image\/","url":"https:\/\/lp.draisabelamoretti.com.br\/wp-content\/uploads\/2026\/03\/cropped-I-Logo-e1773053079880.jpg","contentUrl":"https:\/\/lp.draisabelamoretti.com.br\/wp-content\/uploads\/2026\/03\/cropped-I-Logo-e1773053079880.jpg","width":512,"height":512,"caption":"Dra Isabela Moretti"},"image":{"@id":"https:\/\/lp.draisabelamoretti.com.br\/#\/schema\/logo\/image\/"}}]}},"_links":{"self":[{"href":"https:\/\/lp.draisabelamoretti.com.br\/index.php\/wp-json\/wp\/v2\/pages\/3","targetHints":{"allow":["GET"]}}],"collection":[{"href":"https:\/\/lp.draisabelamoretti.com.br\/index.php\/wp-json\/wp\/v2\/pages"}],"about":[{"href":"https:\/\/lp.draisabelamoretti.com.br\/index.php\/wp-json\/wp\/v2\/types\/page"}],"author":[{"embeddable":true,"href":"https:\/\/lp.draisabelamoretti.com.br\/index.php\/wp-json\/wp\/v2\/users\/1"}],"replies":[{"embeddable":true,"href":"https:\/\/lp.draisabelamoretti.com.br\/index.php\/wp-json\/wp\/v2\/comments?post=3"}],"version-history":[{"count":3,"href":"https:\/\/lp.draisabelamoretti.com.br\/index.php\/wp-json\/wp\/v2\/pages\/3\/revisions"}],"predecessor-version":[{"id":428,"href":"https:\/\/lp.draisabelamoretti.com.br\/index.php\/wp-json\/wp\/v2\/pages\/3\/revisions\/428"}],"wp:attachment":[{"href":"https:\/\/lp.draisabelamoretti.com.br\/index.php\/wp-json\/wp\/v2\/media?parent=3"}],"curies":[{"name":"wp","href":"https:\/\/api.w.org\/{rel}","templated":true}]}}